{"id":130,"date":"2020-01-27T14:29:00","date_gmt":"2020-01-27T13:29:00","guid":{"rendered":"http:\/\/monquartierzz.org\/?page_id=130"},"modified":"2020-02-13T16:38:22","modified_gmt":"2020-02-13T15:38:22","slug":"pour-les-pros-ecoles","status":"publish","type":"page","link":"https:\/\/monquartierzz.org\/index.php\/pour-les-pros-ecoles\/","title":{"rendered":"Pour les pros\/\u00e9coles"},"content":{"rendered":"\t\t<div data-elementor-type=\"wp-page\" data-elementor-id=\"130\" class=\"elementor elementor-130\" data-elementor-settings=\"[]\">\n\t\t\t\t\t\t<div class=\"elementor-inner\">\n\t\t\t\t\t\t\t<div class=\"elementor-section-wrap\">\n\t\t\t\t\t\t\t<section class=\"elementor-section elementor-top-section elementor-element elementor-element-53da0cb elementor-section-boxed elementor-section-height-default elementor-section-height-default\" data-id=\"53da0cb\" data-element_type=\"section\">\n\t\t\t\t\t\t<div class=\"elementor-container elementor-column-gap-default\">\n\t\t\t\t\t\t\t<div class=\"elementor-row\">\n\t\t\t\t\t<div class=\"elementor-column elementor-col-100 elementor-top-column elementor-element elementor-element-214a4fa\" data-id=\"214a4fa\" data-element_type=\"column\">\n\t\t\t<div class=\"elementor-column-wrap elementor-element-populated\">\n\t\t\t\t\t\t\t<div class=\"elementor-widget-wrap\">\n\t\t\t\t\t\t<div class=\"elementor-element elementor-element-dac24e7 elementor-widget elementor-widget-text-editor\" data-id=\"dac24e7\" data-element_type=\"widget\" data-widget_type=\"text-editor.default\">\n\t\t\t\t<div class=\"elementor-widget-container\">\n\t\t\t\t\t<div class=\"elementor-text-editor elementor-clearfix\"><p>Voici les actions r\u00e9alis\u00e9es dans le quartier sur la th\u00e9matique &#8220;pour les pros\/\u00e9coles&#8221; :<\/p><p><a href=\"http:\/\/monquartierzz.org\/index.php\/pour-les-pros-ecoles\/#animations-periscolaire\">Animations en temps p\u00e9riscolaire &#8211; Ekolo[geek]<\/a><\/p><p><a href=\"http:\/\/monquartierzz.org\/index.php\/pour-les-pros-ecoles\/#commercant-zd\">Mon commer\u00e7ant z\u00e9ro d\u00e9chet &#8211; Zero Waste Bordeaux<\/a><\/p><p><a href=\"http:\/\/monquartierzz.org\/index.php\/pour-les-pros-ecoles\/#consigne-bordelaise\">Cr\u00e9ation d&#8217;une fili\u00e8re de r\u00e9emploi de contenant en verre &#8211; la Consigne Bordelaise\u200b<\/a><\/p><p><a href=\"http:\/\/monquartierzz.org\/index.php\/pour-les-pros-ecoles\/#fete-fin-dannee\">F\u00eate de fin d&#8217;ann\u00e9e z\u00e9ro d\u00e9chet &#8211; Ekolo[geek]<\/a><\/p><p><a href=\"http:\/\/monquartierzz.org\/index.php\/pour-les-pros-ecoles\/#porte-a-porte\">Porte-\u00e0-porte &#8211; \u00c9changes Nord Sud<\/a><\/p><p><a href=\"http:\/\/monquartierzz.org\/index.php\/pour-les-pros-ecoles\/#defi-zd\">Le d\u00e9fi zero d\u00e9chet des pros &#8211; ekolo[geek]\u200b<\/a><\/p><\/div>\n\t\t\t\t<\/div>\n\t\t\t\t<\/div>\n\t\t\t\t<div class=\"elementor-element elementor-element-13105b6 elementor-widget elementor-widget-menu-anchor\" data-id=\"13105b6\" data-element_type=\"widget\" data-widget_type=\"menu-anchor.default\">\n\t\t\t\t<div class=\"elementor-widget-container\">\n\t\t\t\t\t<div id=\"animations-periscolaire\" class=\"elementor-menu-anchor\"><\/div>\n\t\t\t\t<\/div>\n\t\t\t\t<\/div>\n\t\t\t\t<div class=\"elementor-element elementor-element-5190b24 elementor-widget elementor-widget-heading\" data-id=\"5190b24\" data-element_type=\"widget\" data-widget_type=\"heading.default\">\n\t\t\t\t<div class=\"elementor-widget-container\">\n\t\t\t<h2 class=\"elementor-heading-title elementor-size-default\">Animations en temps p\u00e9riscolaire - Ekolo[geek]<\/h2>\t\t<\/div>\n\t\t\t\t<\/div>\n\t\t\t\t\t\t<\/div>\n\t\t\t\t\t<\/div>\n\t\t<\/div>\n\t\t\t\t\t\t\t\t<\/div>\n\t\t\t\t\t<\/div>\n\t\t<\/section>\n\t\t\t\t<section class=\"elementor-section elementor-top-section elementor-element elementor-element-187b98d elementor-section-boxed elementor-section-height-default elementor-section-height-default\" data-id=\"187b98d\" data-element_type=\"section\">\n\t\t\t\t\t\t<div class=\"elementor-container elementor-column-gap-default\">\n\t\t\t\t\t\t\t<div class=\"elementor-row\">\n\t\t\t\t\t<div class=\"elementor-column elementor-col-100 elementor-top-column elementor-element elementor-element-c7c1f11\" data-id=\"c7c1f11\" data-element_type=\"column\">\n\t\t\t<div class=\"elementor-column-wrap elementor-element-populated\">\n\t\t\t\t\t\t\t<div class=\"elementor-widget-wrap\">\n\t\t\t\t\t\t<div class=\"elementor-element elementor-element-fd7a524 elementor-widget elementor-widget-text-editor\" data-id=\"fd7a524\" data-element_type=\"widget\" data-widget_type=\"text-editor.default\">\n\t\t\t\t<div class=\"elementor-widget-container\">\n\t\t\t\t\t<div class=\"elementor-text-editor elementor-clearfix\"><p><a href=\"https:\/\/www.ekologeek.com\/page\/165915-ecogeste-eau-energie-dechets-consommer-responsable\" target=\"_blank\" rel=\"noopener\"><img loading=\"lazy\" class=\"wp-image-280 alignright\" src=\"http:\/\/monquartierzz.org\/wp-content\/uploads\/2020\/01\/Ekologeek-300x80.png\" alt=\"\" width=\"299\" height=\"80\" \/><\/a><\/p><p>Diverses animations en temps p\u00e9riscolaire (\u00e0 partir de 3 ans) :<\/p><ul><li>sur les \u00e9co-gestes pour r\u00e9duire les d\u00e9chets \u00e0 la maison<\/li><li>sur la recherche, exploration et compr\u00e9hension des d\u00e9chets, leurs fili\u00e8res, leur traitement et leur gestion<\/li><li>sur les impacts de nos consommations<\/li><li>sur le recyclage et le r\u00e9emploi des d\u00e9chets d&#8217;\u00e9quipements \u00e9lectriques et \u00e9lectroniques (DEEE)<\/li><\/ul><\/div>\n\t\t\t\t<\/div>\n\t\t\t\t<\/div>\n\t\t\t\t\t\t<\/div>\n\t\t\t\t\t<\/div>\n\t\t<\/div>\n\t\t\t\t\t\t\t\t<\/div>\n\t\t\t\t\t<\/div>\n\t\t<\/section>\n\t\t\t\t<section class=\"elementor-section elementor-top-section elementor-element elementor-element-130f73c elementor-section-boxed elementor-section-height-default elementor-section-height-default\" data-id=\"130f73c\" data-element_type=\"section\">\n\t\t\t\t\t\t<div class=\"elementor-container elementor-column-gap-default\">\n\t\t\t\t\t\t\t<div class=\"elementor-row\">\n\t\t\t\t\t<div class=\"elementor-column elementor-col-100 elementor-top-column elementor-element elementor-element-25bb9f1\" data-id=\"25bb9f1\" data-element_type=\"column\">\n\t\t\t<div class=\"elementor-column-wrap elementor-element-populated\">\n\t\t\t\t\t\t\t<div class=\"elementor-widget-wrap\">\n\t\t\t\t\t\t<div class=\"elementor-element elementor-element-e91682e elementor-widget elementor-widget-menu-anchor\" data-id=\"e91682e\" data-element_type=\"widget\" data-widget_type=\"menu-anchor.default\">\n\t\t\t\t<div class=\"elementor-widget-container\">\n\t\t\t\t\t<div id=\"commercant-zd\" class=\"elementor-menu-anchor\"><\/div>\n\t\t\t\t<\/div>\n\t\t\t\t<\/div>\n\t\t\t\t<div class=\"elementor-element elementor-element-8b2a197 elementor-widget elementor-widget-heading\" data-id=\"8b2a197\" data-element_type=\"widget\" data-widget_type=\"heading.default\">\n\t\t\t\t<div class=\"elementor-widget-container\">\n\t\t\t<h2 class=\"elementor-heading-title elementor-size-default\">Mon commer\u00e7ant z\u00e9ro d\u00e9chet - Zero Waste Bordeaux<\/h2>\t\t<\/div>\n\t\t\t\t<\/div>\n\t\t\t\t\t\t<\/div>\n\t\t\t\t\t<\/div>\n\t\t<\/div>\n\t\t\t\t\t\t\t\t<\/div>\n\t\t\t\t\t<\/div>\n\t\t<\/section>\n\t\t\t\t<section class=\"elementor-section elementor-top-section elementor-element elementor-element-f57be8b elementor-section-boxed elementor-section-height-default elementor-section-height-default\" data-id=\"f57be8b\" data-element_type=\"section\">\n\t\t\t\t\t\t<div class=\"elementor-container elementor-column-gap-default\">\n\t\t\t\t\t\t\t<div class=\"elementor-row\">\n\t\t\t\t\t<div class=\"elementor-column elementor-col-100 elementor-top-column elementor-element elementor-element-154f52d\" data-id=\"154f52d\" data-element_type=\"column\">\n\t\t\t<div class=\"elementor-column-wrap elementor-element-populated\">\n\t\t\t\t\t\t\t<div class=\"elementor-widget-wrap\">\n\t\t\t\t\t\t<div class=\"elementor-element elementor-element-f0195a2 elementor-widget elementor-widget-text-editor\" data-id=\"f0195a2\" data-element_type=\"widget\" data-widget_type=\"text-editor.default\">\n\t\t\t\t<div class=\"elementor-widget-container\">\n\t\t\t\t\t<div class=\"elementor-text-editor elementor-clearfix\"><p><a href=\"http:\/\/zerowastebordeaux.fr\/\" target=\"_blank\" rel=\"noopener\"><img loading=\"lazy\" class=\"alignleft wp-image-279 \" src=\"http:\/\/monquartierzz.org\/wp-content\/uploads\/2020\/01\/ZWB-300x300.jpg\" alt=\"\" width=\"201\" height=\"201\" srcset=\"https:\/\/monquartierzz.org\/wp-content\/uploads\/2020\/01\/ZWB-300x300.jpg 300w, https:\/\/monquartierzz.org\/wp-content\/uploads\/2020\/01\/ZWB-150x150.jpg 150w, https:\/\/monquartierzz.org\/wp-content\/uploads\/2020\/01\/ZWB.jpg 750w\" sizes=\"(max-width: 201px) 100vw, 201px\" \/><\/a>\u00a0<span style=\"font-size: 17.3333px;\">La mission &#8220;Mon commer\u00e7ant zero d\u00e9chet&#8221; consiste \u00e0 sensibiliser les commerces de proximit\u00e9 afin de leur faire prendre conscience de leur r\u00f4le dans la r\u00e9duction de production de d\u00e9chets. Deux niveaux sont concern\u00e9s :<\/span><\/p><p>1 &#8211; Les d\u00e9chets \u00e9mis en amont (via les fournisseurs des commer\u00e7ants)<br \/>2 &#8211; Les emballages \u00e0 usage unique g\u00e9n\u00e9r\u00e9s par le commer\u00e7ants et jet\u00e9s ensuite par les client\u00b7es.<\/p><\/div>\n\t\t\t\t<\/div>\n\t\t\t\t<\/div>\n\t\t\t\t\t\t<\/div>\n\t\t\t\t\t<\/div>\n\t\t<\/div>\n\t\t\t\t\t\t\t\t<\/div>\n\t\t\t\t\t<\/div>\n\t\t<\/section>\n\t\t\t\t<section class=\"elementor-section elementor-top-section elementor-element elementor-element-e7a7d1b elementor-section-boxed elementor-section-height-default elementor-section-height-default\" data-id=\"e7a7d1b\" data-element_type=\"section\">\n\t\t\t\t\t\t<div class=\"elementor-container elementor-column-gap-default\">\n\t\t\t\t\t\t\t<div class=\"elementor-row\">\n\t\t\t\t\t<div class=\"elementor-column elementor-col-100 elementor-top-column elementor-element elementor-element-b56be55\" data-id=\"b56be55\" data-element_type=\"column\">\n\t\t\t<div class=\"elementor-column-wrap elementor-element-populated\">\n\t\t\t\t\t\t\t<div class=\"elementor-widget-wrap\">\n\t\t\t\t\t\t<div class=\"elementor-element elementor-element-4102c03 elementor-widget elementor-widget-menu-anchor\" data-id=\"4102c03\" data-element_type=\"widget\" data-widget_type=\"menu-anchor.default\">\n\t\t\t\t<div class=\"elementor-widget-container\">\n\t\t\t\t\t<div id=\"consigne-bordelaise\" class=\"elementor-menu-anchor\"><\/div>\n\t\t\t\t<\/div>\n\t\t\t\t<\/div>\n\t\t\t\t<div class=\"elementor-element elementor-element-2b750ef elementor-widget elementor-widget-heading\" data-id=\"2b750ef\" data-element_type=\"widget\" data-widget_type=\"heading.default\">\n\t\t\t\t<div class=\"elementor-widget-container\">\n\t\t\t<h2 class=\"elementor-heading-title elementor-size-default\">Cr\u00e9ation d'une fili\u00e8re de r\u00e9emploi de contenant en verre - la Consigne Bordelaise<\/h2>\t\t<\/div>\n\t\t\t\t<\/div>\n\t\t\t\t\t\t<\/div>\n\t\t\t\t\t<\/div>\n\t\t<\/div>\n\t\t\t\t\t\t\t\t<\/div>\n\t\t\t\t\t<\/div>\n\t\t<\/section>\n\t\t\t\t<section class=\"elementor-section elementor-top-section elementor-element elementor-element-429997b elementor-section-boxed elementor-section-height-default elementor-section-height-default\" data-id=\"429997b\" data-element_type=\"section\">\n\t\t\t\t\t\t<div class=\"elementor-container elementor-column-gap-default\">\n\t\t\t\t\t\t\t<div class=\"elementor-row\">\n\t\t\t\t\t<div class=\"elementor-column elementor-col-100 elementor-top-column elementor-element elementor-element-7352943\" data-id=\"7352943\" data-element_type=\"column\">\n\t\t\t<div class=\"elementor-column-wrap elementor-element-populated\">\n\t\t\t\t\t\t\t<div class=\"elementor-widget-wrap\">\n\t\t\t\t\t\t<div class=\"elementor-element elementor-element-29df9e3 elementor-widget elementor-widget-text-editor\" data-id=\"29df9e3\" data-element_type=\"widget\" data-widget_type=\"text-editor.default\">\n\t\t\t\t<div class=\"elementor-widget-container\">\n\t\t\t\t\t<div class=\"elementor-text-editor elementor-clearfix\"><p><a href=\"https:\/\/www.facebook.com\/laconsignebordelaise\/\" target=\"_blank\" rel=\"noopener\"><img loading=\"lazy\" class=\"alignright wp-image-297\" src=\"http:\/\/monquartierzz.org\/wp-content\/uploads\/2020\/01\/La-consigne-bordelaise-300x300.png\" alt=\"\" width=\"196\" height=\"196\" srcset=\"https:\/\/monquartierzz.org\/wp-content\/uploads\/2020\/01\/La-consigne-bordelaise-300x300.png 300w, https:\/\/monquartierzz.org\/wp-content\/uploads\/2020\/01\/La-consigne-bordelaise-150x150.png 150w, https:\/\/monquartierzz.org\/wp-content\/uploads\/2020\/01\/La-consigne-bordelaise.png 500w\" sizes=\"(max-width: 196px) 100vw, 196px\" \/><\/a>\u00a0<\/p><p>Action aupr\u00e8s des producteur\u00b7rices locaux\u00b7les pour r\u00e9utiliser les contenants en verre utilis\u00e9s, tels que les pots de confiture, les bouteilles de lait, de soupe ou encore de bi\u00e8res.<\/p><\/div>\n\t\t\t\t<\/div>\n\t\t\t\t<\/div>\n\t\t\t\t\t\t<\/div>\n\t\t\t\t\t<\/div>\n\t\t<\/div>\n\t\t\t\t\t\t\t\t<\/div>\n\t\t\t\t\t<\/div>\n\t\t<\/section>\n\t\t\t\t<section class=\"elementor-section elementor-top-section elementor-element elementor-element-74a6452 elementor-section-boxed elementor-section-height-default elementor-section-height-default\" data-id=\"74a6452\" data-element_type=\"section\">\n\t\t\t\t\t\t<div class=\"elementor-container elementor-column-gap-default\">\n\t\t\t\t\t\t\t<div class=\"elementor-row\">\n\t\t\t\t\t<div class=\"elementor-column elementor-col-100 elementor-top-column elementor-element elementor-element-df8e6ab\" data-id=\"df8e6ab\" data-element_type=\"column\">\n\t\t\t<div class=\"elementor-column-wrap elementor-element-populated\">\n\t\t\t\t\t\t\t<div class=\"elementor-widget-wrap\">\n\t\t\t\t\t\t<div class=\"elementor-element elementor-element-9c85c57 elementor-widget elementor-widget-menu-anchor\" data-id=\"9c85c57\" data-element_type=\"widget\" data-widget_type=\"menu-anchor.default\">\n\t\t\t\t<div class=\"elementor-widget-container\">\n\t\t\t\t\t<div id=\"fete-fin-dannee\" class=\"elementor-menu-anchor\"><\/div>\n\t\t\t\t<\/div>\n\t\t\t\t<\/div>\n\t\t\t\t<div class=\"elementor-element elementor-element-8a03b24 elementor-widget elementor-widget-heading\" data-id=\"8a03b24\" data-element_type=\"widget\" data-widget_type=\"heading.default\">\n\t\t\t\t<div class=\"elementor-widget-container\">\n\t\t\t<h2 class=\"elementor-heading-title elementor-size-default\">f\u00eate de fin d'ann\u00e9e z\u00e9ro d\u00e9chet - Ekolo[geek]<\/h2>\t\t<\/div>\n\t\t\t\t<\/div>\n\t\t\t\t\t\t<\/div>\n\t\t\t\t\t<\/div>\n\t\t<\/div>\n\t\t\t\t\t\t\t\t<\/div>\n\t\t\t\t\t<\/div>\n\t\t<\/section>\n\t\t\t\t<section class=\"elementor-section elementor-top-section elementor-element elementor-element-b1a77fc elementor-section-boxed elementor-section-height-default elementor-section-height-default\" data-id=\"b1a77fc\" data-element_type=\"section\">\n\t\t\t\t\t\t<div class=\"elementor-container elementor-column-gap-default\">\n\t\t\t\t\t\t\t<div class=\"elementor-row\">\n\t\t\t\t\t<div class=\"elementor-column elementor-col-100 elementor-top-column elementor-element elementor-element-ab44e72\" data-id=\"ab44e72\" data-element_type=\"column\">\n\t\t\t<div class=\"elementor-column-wrap elementor-element-populated\">\n\t\t\t\t\t\t\t<div class=\"elementor-widget-wrap\">\n\t\t\t\t\t\t<div class=\"elementor-element elementor-element-a6875f7 elementor-widget elementor-widget-text-editor\" data-id=\"a6875f7\" data-element_type=\"widget\" data-widget_type=\"text-editor.default\">\n\t\t\t\t<div class=\"elementor-widget-container\">\n\t\t\t\t\t<div class=\"elementor-text-editor elementor-clearfix\"><p><a href=\"https:\/\/www.ekologeek.com\/page\/165915-ecogeste-eau-energie-dechets-consommer-responsable\" target=\"_blank\" rel=\"noopener\"><img loading=\"lazy\" class=\"wp-image-280 size-medium alignleft\" src=\"http:\/\/monquartierzz.org\/wp-content\/uploads\/2020\/01\/Ekologeek-300x80.png\" alt=\"\" width=\"300\" height=\"80\" \/><\/a>\u00a0<span style=\"font-size: 17.3333px;\">Organisation d&#8217;une f\u00eate de fin d&#8217;ann\u00e9e z\u00e9ro d\u00e9chet dans une \u00e9cole en produisant le moins de d\u00e9chets possible. Ce sera l&#8217;occasion de r\u00e9unir \u00e9coles, parents d&#8217;\u00e9l\u00e8ves et enfants et \u00e9galement de valoriser les productions des \u00e9l\u00e8ves au cours de l&#8217;ann\u00e9e sur les d\u00e9chets.<\/span><\/p><\/div>\n\t\t\t\t<\/div>\n\t\t\t\t<\/div>\n\t\t\t\t\t\t<\/div>\n\t\t\t\t\t<\/div>\n\t\t<\/div>\n\t\t\t\t\t\t\t\t<\/div>\n\t\t\t\t\t<\/div>\n\t\t<\/section>\n\t\t\t\t<section class=\"elementor-section elementor-top-section elementor-element elementor-element-45093a3 elementor-section-boxed elementor-section-height-default elementor-section-height-default\" data-id=\"45093a3\" data-element_type=\"section\">\n\t\t\t\t\t\t<div class=\"elementor-container elementor-column-gap-default\">\n\t\t\t\t\t\t\t<div class=\"elementor-row\">\n\t\t\t\t\t<div class=\"elementor-column elementor-col-100 elementor-top-column elementor-element elementor-element-4926304\" data-id=\"4926304\" data-element_type=\"column\">\n\t\t\t<div class=\"elementor-column-wrap elementor-element-populated\">\n\t\t\t\t\t\t\t<div class=\"elementor-widget-wrap\">\n\t\t\t\t\t\t<div class=\"elementor-element elementor-element-09037b5 elementor-widget elementor-widget-menu-anchor\" data-id=\"09037b5\" data-element_type=\"widget\" data-widget_type=\"menu-anchor.default\">\n\t\t\t\t<div class=\"elementor-widget-container\">\n\t\t\t\t\t<div id=\"porte-a-porte\" class=\"elementor-menu-anchor\"><\/div>\n\t\t\t\t<\/div>\n\t\t\t\t<\/div>\n\t\t\t\t<div class=\"elementor-element elementor-element-b0e2297 elementor-widget elementor-widget-heading\" data-id=\"b0e2297\" data-element_type=\"widget\" data-widget_type=\"heading.default\">\n\t\t\t\t<div class=\"elementor-widget-container\">\n\t\t\t<h2 class=\"elementor-heading-title elementor-size-default\">porte \u00e0 porte - \u00c9changes Nord Sud<\/h2>\t\t<\/div>\n\t\t\t\t<\/div>\n\t\t\t\t\t\t<\/div>\n\t\t\t\t\t<\/div>\n\t\t<\/div>\n\t\t\t\t\t\t\t\t<\/div>\n\t\t\t\t\t<\/div>\n\t\t<\/section>\n\t\t\t\t<section class=\"elementor-section elementor-top-section elementor-element elementor-element-8571d8f elementor-section-boxed elementor-section-height-default elementor-section-height-default\" data-id=\"8571d8f\" data-element_type=\"section\">\n\t\t\t\t\t\t<div class=\"elementor-container elementor-column-gap-default\">\n\t\t\t\t\t\t\t<div class=\"elementor-row\">\n\t\t\t\t\t<div class=\"elementor-column elementor-col-100 elementor-top-column elementor-element elementor-element-03e4126\" data-id=\"03e4126\" data-element_type=\"column\">\n\t\t\t<div class=\"elementor-column-wrap elementor-element-populated\">\n\t\t\t\t\t\t\t<div class=\"elementor-widget-wrap\">\n\t\t\t\t\t\t<div class=\"elementor-element elementor-element-b87d387 elementor-widget elementor-widget-text-editor\" data-id=\"b87d387\" data-element_type=\"widget\" data-widget_type=\"text-editor.default\">\n\t\t\t\t<div class=\"elementor-widget-container\">\n\t\t\t\t\t<div class=\"elementor-text-editor elementor-clearfix\"><p><a href=\"https:\/\/www.echangenordsud.org\/\" target=\"_blank\" rel=\"noopener\"><img loading=\"lazy\" class=\"wp-image-296 alignright\" src=\"http:\/\/monquartierzz.org\/wp-content\/uploads\/2020\/01\/\u00c9change-Nord-Sud-211x300.png\" alt=\"\" width=\"181\" height=\"257\" srcset=\"https:\/\/monquartierzz.org\/wp-content\/uploads\/2020\/01\/\u00c9change-Nord-Sud-211x300.png 211w, https:\/\/monquartierzz.org\/wp-content\/uploads\/2020\/01\/\u00c9change-Nord-Sud.png 267w\" sizes=\"(max-width: 181px) 100vw, 181px\" \/><\/a>\u00a0<\/p><ul><li>promotion du syst\u00e8me de consigne<\/li><li>accompagnement des structures du territoire dans une d\u00e9marche de r\u00e9duction des d\u00e9chets<\/li><\/ul><\/div>\n\t\t\t\t<\/div>\n\t\t\t\t<\/div>\n\t\t\t\t\t\t<\/div>\n\t\t\t\t\t<\/div>\n\t\t<\/div>\n\t\t\t\t\t\t\t\t<\/div>\n\t\t\t\t\t<\/div>\n\t\t<\/section>\n\t\t\t\t<section class=\"elementor-section elementor-top-section elementor-element elementor-element-305e34d elementor-section-boxed elementor-section-height-default elementor-section-height-default\" data-id=\"305e34d\" data-element_type=\"section\">\n\t\t\t\t\t\t<div class=\"elementor-container elementor-column-gap-default\">\n\t\t\t\t\t\t\t<div class=\"elementor-row\">\n\t\t\t\t\t<div class=\"elementor-column elementor-col-100 elementor-top-column elementor-element elementor-element-64cb83b\" data-id=\"64cb83b\" data-element_type=\"column\">\n\t\t\t<div class=\"elementor-column-wrap elementor-element-populated\">\n\t\t\t\t\t\t\t<div class=\"elementor-widget-wrap\">\n\t\t\t\t\t\t<div class=\"elementor-element elementor-element-9f53f60 elementor-widget elementor-widget-menu-anchor\" data-id=\"9f53f60\" data-element_type=\"widget\" data-widget_type=\"menu-anchor.default\">\n\t\t\t\t<div class=\"elementor-widget-container\">\n\t\t\t\t\t<div id=\"defi-zd\" class=\"elementor-menu-anchor\"><\/div>\n\t\t\t\t<\/div>\n\t\t\t\t<\/div>\n\t\t\t\t<div class=\"elementor-element elementor-element-778a2e4 elementor-widget elementor-widget-heading\" data-id=\"778a2e4\" data-element_type=\"widget\" data-widget_type=\"heading.default\">\n\t\t\t\t<div class=\"elementor-widget-container\">\n\t\t\t<h2 class=\"elementor-heading-title elementor-size-default\">Le d\u00e9fi zero d\u00e9chet des pros - ekolo[geek]<\/h2>\t\t<\/div>\n\t\t\t\t<\/div>\n\t\t\t\t\t\t<\/div>\n\t\t\t\t\t<\/div>\n\t\t<\/div>\n\t\t\t\t\t\t\t\t<\/div>\n\t\t\t\t\t<\/div>\n\t\t<\/section>\n\t\t\t\t<section class=\"elementor-section elementor-top-section elementor-element elementor-element-e00b49e elementor-section-boxed elementor-section-height-default elementor-section-height-default\" data-id=\"e00b49e\" data-element_type=\"section\">\n\t\t\t\t\t\t<div class=\"elementor-container elementor-column-gap-default\">\n\t\t\t\t\t\t\t<div class=\"elementor-row\">\n\t\t\t\t\t<div class=\"elementor-column elementor-col-100 elementor-top-column elementor-element elementor-element-49000db\" data-id=\"49000db\" data-element_type=\"column\">\n\t\t\t<div class=\"elementor-column-wrap elementor-element-populated\">\n\t\t\t\t\t\t\t<div class=\"elementor-widget-wrap\">\n\t\t\t\t\t\t<div class=\"elementor-element elementor-element-bbb26e2 elementor-widget elementor-widget-text-editor\" data-id=\"bbb26e2\" data-element_type=\"widget\" data-widget_type=\"text-editor.default\">\n\t\t\t\t<div class=\"elementor-widget-container\">\n\t\t\t\t\t<div class=\"elementor-text-editor elementor-clearfix\"><p><a href=\"https:\/\/www.ekologeek.com\/page\/165915-ecogeste-eau-energie-dechets-consommer-responsable\" target=\"_blank\" rel=\"noopener\"><img loading=\"lazy\" class=\"wp-image-280 size-medium alignleft\" src=\"http:\/\/monquartierzz.org\/wp-content\/uploads\/2020\/01\/Ekologeek-300x80.png\" alt=\"\" width=\"300\" height=\"80\" \/><\/a><\/p><p style=\"text-align: right;\">Au travers d\u2019un programme de 6 mois, les professionnel\u00b7les (priv\u00e9\u00b7es ou public\u00b7ques) sont accompagn\u00e9\u00b7es pour r\u00e9duire leurs d\u00e9chets de fonctionnement de 10%. Un d\u00e9fi sp\u00e9cial quartier z\u00e9ro d\u00e9chet sera organis\u00e9, pour challenger entre eux les professionnels du quartier.<\/p><\/div>\n\t\t\t\t<\/div>\n\t\t\t\t<\/div>\n\t\t\t\t\t\t<\/div>\n\t\t\t\t\t<\/div>\n\t\t<\/div>\n\t\t\t\t\t\t\t\t<\/div>\n\t\t\t\t\t<\/div>\n\t\t<\/section>\n\t\t\t\t\t\t<\/div>\n\t\t\t\t\t\t<\/div>\n\t\t\t\t\t<\/div>\n\t\t","protected":false},"excerpt":{"rendered":"<p>Voici les actions r\u00e9alis\u00e9es dans le quartier sur la th\u00e9matique &#8220;pour les pros\/\u00e9coles&#8221; : Animations en temps p\u00e9riscolaire &#8211; Ekolo[geek] Mon commer\u00e7ant z\u00e9ro d\u00e9chet &#8211; Zero Waste Bordeaux Cr\u00e9ation d&#8217;une [&hellip;]<\/p>\n","protected":false},"author":1,"featured_media":0,"parent":0,"menu_order":0,"comment_status":"closed","ping_status":"closed","template":"","meta":[],"_links":{"self":[{"href":"https:\/\/monquartierzz.org\/index.php\/wp-json\/wp\/v2\/pages\/130"}],"collection":[{"href":"https:\/\/monquartierzz.org\/index.php\/wp-json\/wp\/v2\/pages"}],"about":[{"href":"https:\/\/monquartierzz.org\/index.php\/wp-json\/wp\/v2\/types\/page"}],"author":[{"embeddable":true,"href":"https:\/\/monquartierzz.org\/index.php\/wp-json\/wp\/v2\/users\/1"}],"replies":[{"embeddable":true,"href":"https:\/\/monquartierzz.org\/index.php\/wp-json\/wp\/v2\/comments?post=130"}],"version-history":[{"count":5,"href":"https:\/\/monquartierzz.org\/index.php\/wp-json\/wp\/v2\/pages\/130\/revisions"}],"predecessor-version":[{"id":548,"href":"https:\/\/monquartierzz.org\/index.php\/wp-json\/wp\/v2\/pages\/130\/revisions\/548"}],"wp:attachment":[{"href":"https:\/\/monquartierzz.org\/index.php\/wp-json\/wp\/v2\/media?parent=130"}],"curies":[{"name":"wp","href":"https:\/\/api.w.org\/{rel}","templated":true}]}}